ommon factor of 854 and 116830?
14
Calculate the greatest common divisor of 155590589 and 231.
77
Calculate the greatest common divisor of 4653 and 12471309.
423
Calculate the greatest common factor of 241566 and 2184.
78
Calculate the highest common factor of 129 and 70032939.
129
Calculate the greatest common divisor of 13035581 and 1517.
1517
Calculate the highest common factor of 1248 and 52551096.
312
Calculate the greatest common divisor of 6840 and 1542760.
40
What is the highest common divisor of 645939 and 4977?
63
Calculate the highest common divisor of 225 and 1994976.
9
Calculate the greatest common divisor of 3740 and 5072980.
220
Calculate the highest common divisor of 240 and 329600368.
16
Calculate the greatest common factor of 5 and 5863965.
5
Calculate the greatest common divisor of 34430 and 41150.
10
Calculate the greatest common divisor of 20427840 and 1920.
960
What is the highest common divisor of 12 and 137162022?
6
Calculate the highest common factor of 4290 and 2107677.
429
Calculate the greatest common divisor of 7064 and 11671494.
1766
Calculate the greatest common divisor of 7973 and 23851.
17
What is the highest common factor of 195 and 1410942?
39
What is the greatest common divisor of 265 and 408728845?
265
What is the highest common divisor of 3212065 and 464015?
4505
What is the highest common factor of 163289493 and 186?
93
Calculate the greatest common divisor of 218086 and 40986.
506
Calculate the greatest common factor of 20623656 and 1476.
492
What is the greatest common divisor of 2354373 and 20601?
189
What is the greatest common divisor of 5261388 and 39468?
3036
Calculate the greatest common divisor of 346 and 58961860.
346
Calculate the highest common divisor of 1143 and 37362003.
381
Calculate the greatest common divisor of 22160565 and 2835.
315
Calculate the greatest common factor of 3702 and 132173740.
1234
Calculate the greatest common factor of 643121456 and 48.
16
Calculate the greatest common factor of 233831390 and 130.
130
Calculate the highest common divisor of 78 and 4658865.
3
What is the highest common divisor of 648 and 57632634?
162
Calculate the highest common divisor of 4084 and 720131720.
4084
Calculate the greatest common divisor of 34 and 260988862.
34
Calculate the greatest common factor of 5265793 and 209.
19
What is the highest common divisor of 4659986 and 1588?
794
What is the greatest common divisor of 2 and 6174106?
2
What is the highest common divisor of 1489 and 319316050?
1489
What is the highest common factor of 1416995 and 111890?
835
What is the highest common divisor of 784434 and 93632?
266
Calculate the highest common factor of 65462 and 36352.
142
What is the greatest common divisor of 111 and 2836087?
37
Calculate the highest common divisor of 8949780 and 11340.
1260
Calculate the highest common factor of 476 and 545216.
28
Calculate the greatest common factor of 28252 and 19194.
14
What is the highest common divisor of 81018 and 906?
6
What is the highest common divisor of 50 and 1338345?
5
Calculate the highest common divisor of 5684 and 181076.
812
What is the highest common divisor of 253471 and 5546?
47
Calculate the highest common divisor of 924845 and 165.
5
What is the greatest common factor of 11382217 and 50232?
161
What is the greatest common factor of 9372708 and 751500?
6012
Calculate the greatest common factor of 14856 and 936376156.
2476
What is the highest common factor of 723406700 and 248?
124
Calculate the highest common divisor of 3391197 and 1179.
393
What is the greatest common divisor of 2854072 and 141437?
2111
What is the greatest common divisor of 169 and 91041821?
169
Calculate the greatest common factor of 1573 and 153639629.
1573
Calculate the highest common divisor of 46515 and 349125.
105
What is the highest common divisor of 472812 and 5658?
246
What is the highest common factor of 17505 and 9110380?
1945
What is the highest common factor of 204875669 and 881?
881
Calculate the greatest common divisor of 322302986 and 501.
167
What is the greatest common divisor of 169061 and 201950?
577
Calculate the greatest common factor of 10691488 and 23780.
4756
Calculate the highest common factor of 56628 and 2502.
18
Calculate the highest common divisor of 37171486 and 19.
19
Calculate the greatest common divisor of 106117 and 303589.
121
Calculate the greatest common divisor of 202521 and 113373.
969
What is the greatest common factor of 1845 and 17465262?
123
What is the highest common factor of 3614 and 566878?
26
Calculate the highest common factor of 777446 and 506.
46
Calculate the greatest common factor of 30835762 and 62.
62
Calculate the highest common factor of 15 and 105609.
3
What is the highest common divisor of 75 and 167545320?
15
What is the highest common divisor of 26525117 and 3076?
769
Calculate the greatest common factor of 3753 and 306217.
139
What is the greatest common factor of 291507 and 165?
3
What is the greatest common factor of 165071790 and 1170?
1170
Calculate the highest common divisor of 20835 and 580335.
15
Calculate the greatest common factor of 7115652 and 6992.
76
Calculate the greatest common divisor of 94651940 and 580.
580
Calculate the greatest common divisor of 55352738 and 3527.
3527
Calculate the highest common divisor of 6696 and 44768898.
558
What is the greatest common factor of 2194699 and 1157?
13
Calculate the greatest common divisor of 567 and 566919.
81
What is the highest common factor of 40102632 and 126?
18
Calculate the highest common factor of 818840610 and 1890.
1890
Calculate the highest common factor of 2941 and 453679.
17
Calculate the highest common factor of 67925423 and 1247.
43
Calculate the greatest common factor of 814921339 and 5493.
1831
Calculate the greatest common divisor of 15038592 and 576.
192
What is the greatest common factor of 1369595 and 55?
5
Calculate the highest common factor of 13353360 and 960.
240
What is the greatest common factor of 11595555 and 162?
81
Calculate the highest common divisor of 1102778578 and 22.
22
What is the greatest common factor of 5255128 and 24?
8
Calculate the highest common divisor of 4773 and 349977.
129
What is the greatest common factor of 324689000 and 1000?
1000
Calculate the greatest common divisor of 37804 and 107689056.
2908
What is the highest common divisor of 416 and 2575781?
13
What is the highest common factor of 569090878 and 10744?
2686
What is the greatest common divisor of 624950 and 470?
10
What is the greatest common factor of 985081635 and 135?
135
What is the greatest common divisor of 74789 and 12111?
11
Calculate the greatest common divisor of 2 and 766253.
1
What is the greatest common divisor of 22627 and 57817?
17
What is the highest common factor of 56 and 32823266?
14
Calculate the highest common factor of 612 and 85101048.
612
What is the greatest common divisor of 151984 and 1886?
46
What is the highest common factor of 614280 and 3030?
30
What is the greatest common factor of 7422 and 23437439?
1237
Calculate the greatest common divisor of 2213 and 36317543.
2213
Calculate the greatest common divisor of 14704 and 59824.
16
Calculate the highest common divisor of 9013339 and 53.
53
What is the greatest common factor of 5220 and 12953140?
580
What is the greatest common factor of 411314998 and 23078?
2098
What is the greatest common divisor of 14295806 and 574?
14
Calculate the greatest common divisor of 9709 and 1069453.
133
Calculate the greatest common factor of 1968 and 72168.
24
Calculate the greatest common factor of 282403583 and 2123.
2123
What is the greatest common divisor of 1862 and 22585756?
38
What is the highest common factor of 25375382 and 2742?
914
Calculate the highest common factor of 7077423 and 11826.
219
Calculate the highest common factor of 516 and 159064.
4
What is the greatest common divisor of 498 and 2996798?
166
What is the greatest common factor of 86 and 110418926?
86
What is the greatest common divisor of 6 and 112100895?
3
Calculate the greatest common divisor of 24317835 and 38928.
2433
What is the greatest common factor of 40295613 and 3?
3
Calculate the highest common factor of 14710793 and 1221.
37
Calculate the greatest common divisor of 53617073 and 961.
9